{"id":506,"date":"2017-01-04T22:35:48","date_gmt":"2017-01-04T21:35:48","guid":{"rendered":"http:\/\/neu.hergersweiler.de\/?page_id=506"},"modified":"2022-11-16T12:12:29","modified_gmt":"2022-11-16T11:12:29","slug":"lage-anreise","status":"publish","type":"page","link":"https:\/\/hergersweiler.de\/?page_id=506","title":{"rendered":"Lage &#038; Anreise"},"content":{"rendered":"<p><font color=\"#000099\" size=\"5\"><strong>Anfahrt<\/strong><\/font><br \/>\n&nbsp;<br \/>\n\n<table id=\"tablepress-16\" class=\"tablepress tablepress-id-16\">\n<tbody>\n<tr class=\"row-1\">\n\t<td class=\"column-1\"><strong>Vom Norden kommend<\/strong><br \/>\n- A65 Richtung Karlsruhe<br \/>\n- Ausfahrt 20 Kandel-Nord<br \/>\n- Richtung Bad Bergzabern<\/td><td class=\"column-2\"><strong>Vom S\u00fcden kommend<\/strong><br \/>\n- A65 Richtung Landau<br \/>\n- Ausfahrt 20 Kandel-Nord<br \/>\n- Richtung Bad Bergzabern<\/td><td class=\"column-3\"><strong>Entfernungen<\/strong><br \/>\nVon Karlsruhe ca. 30 Min.<br \/>\nVon Landau ca. 20 Min.<br \/>\nVon Frankfurt ca. 1 Std. 45 Min.<br \/>\nVon Stuttgart ca. 1 Std. 20 Min.<\/td><td class=\"column-4\"><strong>Weitere Daten<\/strong><br \/>\n- 10 km n\u00f6rdlich der franz\u00f6sischen Grenze<br \/>\n- 25 km westlich des Rheins<br \/>\n- mitten in der S\u00fcdpfalz<br \/>\n- GPS: 49\u00b0 05,7' Nord und 008\u00b0 05,4' Ost<\/td>\n<\/tr>\n<\/tbody>\n<\/table>\n<!-- #tablepress-16 from cache --><br \/>\n<center><br \/>\nDie Adresse zur Eingabe in ein Navigationssystem ist die des B\u00fcrgerhauses:<br \/>\nHauptstra\u00dfe 44, 76872 Hergersweiler<\/p>\n<div>\n     <iframe loading=\"lazy\" width=\"325\" height=\"280\" frameborder=\"0\" src=\"https:\/\/www.bing.com\/maps\/embed?h=280&#038;w=325&#038;cp=49.09652780394112~8.09155999999998&#038;lvl=17&#038;typ=d&#038;sty=h&#038;src=SHELL&#038;FORM=MBEDV8\" scrolling=\"no\"><br \/>\n     <\/iframe><\/p>\n<div style=\"white-space: nowrap; text-align: center; width: 325px; padding: 6px 0;\">\n        <a id=\"dirMapLink\" target=\"_blank\" href=\"https:\/\/www.bing.com\/maps\/directions?cp=49.09652780394112~8.09155999999998&amp;sty=h&amp;lvl=17&amp;rtp=~pos.49.09652780394112_8.09155999999998____&amp;FORM=MBEDLD\" style=\"display: block; padding-bottom: 5px;\" rel=\"noopener\">Wegbeschreibung abrufen<\/a>\n    <\/div>\n<\/div>\n<p><\/center><br \/>\n<font color=\"#000099\" size=\"5\"><strong>Historische Karte<\/strong><\/font><br \/>\n<a href=\"https:\/\/hergersweiler.de\/wp-content\/uploads\/2017\/01\/karte_alt.jpg\" target=\"_blank\" rel=\"noopener\" data-lbwps-width=\"3510\" data-lbwps-height=\"2550\" data-lbwps-srcsmall=\"https:\/\/hergersweiler.de\/wp-content\/uploads\/2017\/01\/karte_alt-150x109.jpg\"><img loading=\"lazy\" decoding=\"async\" src=\"https:\/\/hergersweiler.de\/wp-content\/uploads\/2017\/01\/karte_ausschn.jpg\" alt=\"\" width=\"864\" height=\"555\" class=\"alignleft size-full wp-image-508\" srcset=\"https:\/\/hergersweiler.de\/wp-content\/uploads\/2017\/01\/karte_ausschn.jpg 864w, https:\/\/hergersweiler.de\/wp-content\/uploads\/2017\/01\/karte_ausschn-300x193.jpg 300w, https:\/\/hergersweiler.de\/wp-content\/uploads\/2017\/01\/karte_ausschn-768x493.jpg 768w, https:\/\/hergersweiler.de\/wp-content\/uploads\/2017\/01\/karte_ausschn-234x150.jpg 234w, https:\/\/hergersweiler.de\/wp-content\/uploads\/2017\/01\/karte_ausschn-150x96.jpg 150w\" sizes=\"auto, (max-width: 864px) 100vw, 864px\" \/><\/a>Ergerswir, damit ist Hergersweiler gemeint. <\/p>\n<p>NORDEN ist bei dieser Karte \u00fcbrigens rechts.<\/p>\n<p>Die Karte entstammt dem &#8222;Historischen Atlas&#8220; von Joan Blaeu, aus dem Jahre 1663.<\/p>\n<p>Wenn Sie auf die Karte klicken bekommen sie eine gr\u00f6\u00dfere \u00dcbersicht.<br \/>\n&nbsp;<br \/>\n&nbsp;<\/p>\n","protected":false},"excerpt":{"rendered":"<p>Anfahrt &nbsp; Die Adresse zur Eingabe in ein Navigationssystem ist die des B\u00fcrgerhauses: Hauptstra\u00dfe 44, 76872 Hergersweiler Wegbeschreibung abrufen Historische Karte Ergerswir, damit ist Hergersweiler gemeint. NORDEN ist bei dieser Karte \u00fcbrigens rechts. Die Karte entstammt dem &#8222;Historischen Atlas&#8220; von Joan Blaeu, aus dem Jahre 1663. Wenn Sie auf die\u2026<\/p>\n<p> <a class=\"continue-reading-link\" href=\"https:\/\/hergersweiler.de\/?page_id=506\"><span>Continue reading<\/span><i class=\"crycon-right-dir\"><\/i><\/a> <\/p>\n","protected":false},"author":1,"featured_media":0,"parent":110,"menu_order":5,"comment_status":"closed","ping_status":"closed","template":"","meta":{"ngg_post_thumbnail":0,"_mc_calendar":[],"footnotes":""},"class_list":["post-506","page","type-page","status-publish","hentry"],"yoast_head":"<!-- This site is optimized with the Yoast SEO plugin v27.4 - https:\/\/yoast.com\/product\/yoast-seo-wordpress\/ -->\n<title>Lage &amp; Anreise - Gemeinde Hergersweiler<\/title>\n<meta name=\"robots\" content=\"index, follow, max-snippet:-1, max-image-preview:large, max-video-preview:-1\" \/>\n<link rel=\"canonical\" href=\"https:\/\/hergersweiler.de\/?page_id=506\" \/>\n<meta property=\"og:locale\" content=\"de_DE\" \/>\n<meta property=\"og:type\" content=\"article\" \/>\n<meta property=\"og:title\" content=\"Lage &amp; Anreise - Gemeinde Hergersweiler\" \/>\n<meta property=\"og:description\" content=\"Anfahrt &nbsp; Die Adresse zur Eingabe in ein Navigationssystem ist die des B\u00fcrgerhauses: Hauptstra\u00dfe 44, 76872 Hergersweiler Wegbeschreibung abrufen Historische Karte Ergerswir, damit ist Hergersweiler gemeint. NORDEN ist bei dieser Karte \u00fcbrigens rechts. Die Karte entstammt dem &#8222;Historischen Atlas&#8220; von Joan Blaeu, aus dem Jahre 1663. Wenn Sie auf die\u2026 Continue reading\" \/>\n<meta property=\"og:url\" content=\"https:\/\/hergersweiler.de\/?page_id=506\" \/>\n<meta property=\"og:site_name\" content=\"Gemeinde Hergersweiler\" \/>\n<meta property=\"article:modified_time\" content=\"2022-11-16T11:12:29+00:00\" \/>\n<meta property=\"og:image\" content=\"https:\/\/hergersweiler.de\/wp-content\/uploads\/2017\/01\/karte_ausschn.jpg\" \/>\n<meta name=\"twitter:card\" content=\"summary_large_image\" \/>\n<meta name=\"twitter:site\" content=\"@hergersweiler2\" \/>\n<meta name=\"twitter:label1\" content=\"Gesch\u00e4tzte Lesezeit\" \/>\n\t<meta name=\"twitter:data1\" content=\"1\u00a0Minute\" \/>\n<script type=\"application\/ld+json\" class=\"yoast-schema-graph\">{\"@context\":\"https:\\\/\\\/schema.org\",\"@graph\":[{\"@type\":\"WebPage\",\"@id\":\"https:\\\/\\\/hergersweiler.de\\\/?page_id=506\",\"url\":\"https:\\\/\\\/hergersweiler.de\\\/?page_id=506\",\"name\":\"Lage & Anreise - Gemeinde Hergersweiler\",\"isPartOf\":{\"@id\":\"https:\\\/\\\/hergersweiler.de\\\/#website\"},\"primaryImageOfPage\":{\"@id\":\"https:\\\/\\\/hergersweiler.de\\\/?page_id=506#primaryimage\"},\"image\":{\"@id\":\"https:\\\/\\\/hergersweiler.de\\\/?page_id=506#primaryimage\"},\"thumbnailUrl\":\"https:\\\/\\\/hergersweiler.de\\\/wp-content\\\/uploads\\\/2017\\\/01\\\/karte_ausschn.jpg\",\"datePublished\":\"2017-01-04T21:35:48+00:00\",\"dateModified\":\"2022-11-16T11:12:29+00:00\",\"breadcrumb\":{\"@id\":\"https:\\\/\\\/hergersweiler.de\\\/?page_id=506#breadcrumb\"},\"inLanguage\":\"de\",\"potentialAction\":[{\"@type\":\"ReadAction\",\"target\":[\"https:\\\/\\\/hergersweiler.de\\\/?page_id=506\"]}]},{\"@type\":\"ImageObject\",\"inLanguage\":\"de\",\"@id\":\"https:\\\/\\\/hergersweiler.de\\\/?page_id=506#primaryimage\",\"url\":\"https:\\\/\\\/hergersweiler.de\\\/wp-content\\\/uploads\\\/2017\\\/01\\\/karte_ausschn.jpg\",\"contentUrl\":\"https:\\\/\\\/hergersweiler.de\\\/wp-content\\\/uploads\\\/2017\\\/01\\\/karte_ausschn.jpg\",\"width\":864,\"height\":555},{\"@type\":\"BreadcrumbList\",\"@id\":\"https:\\\/\\\/hergersweiler.de\\\/?page_id=506#breadcrumb\",\"itemListElement\":[{\"@type\":\"ListItem\",\"position\":1,\"name\":\"Startseite\",\"item\":\"https:\\\/\\\/hergersweiler.de\\\/\"},{\"@type\":\"ListItem\",\"position\":2,\"name\":\"Touristik &#038; Freizeit\",\"item\":\"https:\\\/\\\/hergersweiler.de\\\/?page_id=110\"},{\"@type\":\"ListItem\",\"position\":3,\"name\":\"Lage &#038; Anreise\"}]},{\"@type\":\"WebSite\",\"@id\":\"https:\\\/\\\/hergersweiler.de\\\/#website\",\"url\":\"https:\\\/\\\/hergersweiler.de\\\/\",\"name\":\"Gemeinde Hergersweiler\",\"description\":\"\",\"potentialAction\":[{\"@type\":\"SearchAction\",\"target\":{\"@type\":\"EntryPoint\",\"urlTemplate\":\"https:\\\/\\\/hergersweiler.de\\\/?s={search_term_string}\"},\"query-input\":{\"@type\":\"PropertyValueSpecification\",\"valueRequired\":true,\"valueName\":\"search_term_string\"}}],\"inLanguage\":\"de\"}]}<\/script>\n<!-- \/ Yoast SEO plugin. -->","yoast_head_json":{"title":"Lage & Anreise - Gemeinde Hergersweiler","robots":{"index":"index","follow":"follow","max-snippet":"max-snippet:-1","max-image-preview":"max-image-preview:large","max-video-preview":"max-video-preview:-1"},"canonical":"https:\/\/hergersweiler.de\/?page_id=506","og_locale":"de_DE","og_type":"article","og_title":"Lage & Anreise - Gemeinde Hergersweiler","og_description":"Anfahrt &nbsp; Die Adresse zur Eingabe in ein Navigationssystem ist die des B\u00fcrgerhauses: Hauptstra\u00dfe 44, 76872 Hergersweiler Wegbeschreibung abrufen Historische Karte Ergerswir, damit ist Hergersweiler gemeint. NORDEN ist bei dieser Karte \u00fcbrigens rechts. Die Karte entstammt dem &#8222;Historischen Atlas&#8220; von Joan Blaeu, aus dem Jahre 1663. Wenn Sie auf die\u2026 Continue reading","og_url":"https:\/\/hergersweiler.de\/?page_id=506","og_site_name":"Gemeinde Hergersweiler","article_modified_time":"2022-11-16T11:12:29+00:00","og_image":[{"url":"https:\/\/hergersweiler.de\/wp-content\/uploads\/2017\/01\/karte_ausschn.jpg","type":"","width":"","height":""}],"twitter_card":"summary_large_image","twitter_site":"@hergersweiler2","twitter_misc":{"Gesch\u00e4tzte Lesezeit":"1\u00a0Minute"},"schema":{"@context":"https:\/\/schema.org","@graph":[{"@type":"WebPage","@id":"https:\/\/hergersweiler.de\/?page_id=506","url":"https:\/\/hergersweiler.de\/?page_id=506","name":"Lage & Anreise - Gemeinde Hergersweiler","isPartOf":{"@id":"https:\/\/hergersweiler.de\/#website"},"primaryImageOfPage":{"@id":"https:\/\/hergersweiler.de\/?page_id=506#primaryimage"},"image":{"@id":"https:\/\/hergersweiler.de\/?page_id=506#primaryimage"},"thumbnailUrl":"https:\/\/hergersweiler.de\/wp-content\/uploads\/2017\/01\/karte_ausschn.jpg","datePublished":"2017-01-04T21:35:48+00:00","dateModified":"2022-11-16T11:12:29+00:00","breadcrumb":{"@id":"https:\/\/hergersweiler.de\/?page_id=506#breadcrumb"},"inLanguage":"de","potentialAction":[{"@type":"ReadAction","target":["https:\/\/hergersweiler.de\/?page_id=506"]}]},{"@type":"ImageObject","inLanguage":"de","@id":"https:\/\/hergersweiler.de\/?page_id=506#primaryimage","url":"https:\/\/hergersweiler.de\/wp-content\/uploads\/2017\/01\/karte_ausschn.jpg","contentUrl":"https:\/\/hergersweiler.de\/wp-content\/uploads\/2017\/01\/karte_ausschn.jpg","width":864,"height":555},{"@type":"BreadcrumbList","@id":"https:\/\/hergersweiler.de\/?page_id=506#breadcrumb","itemListElement":[{"@type":"ListItem","position":1,"name":"Startseite","item":"https:\/\/hergersweiler.de\/"},{"@type":"ListItem","position":2,"name":"Touristik &#038; Freizeit","item":"https:\/\/hergersweiler.de\/?page_id=110"},{"@type":"ListItem","position":3,"name":"Lage &#038; Anreise"}]},{"@type":"WebSite","@id":"https:\/\/hergersweiler.de\/#website","url":"https:\/\/hergersweiler.de\/","name":"Gemeinde Hergersweiler","description":"","potentialAction":[{"@type":"SearchAction","target":{"@type":"EntryPoint","urlTemplate":"https:\/\/hergersweiler.de\/?s={search_term_string}"},"query-input":{"@type":"PropertyValueSpecification","valueRequired":true,"valueName":"search_term_string"}}],"inLanguage":"de"}]}},"jetpack_sharing_enabled":true,"_links":{"self":[{"href":"https:\/\/hergersweiler.de\/index.php?rest_route=\/wp\/v2\/pages\/506","targetHints":{"allow":["GET"]}}],"collection":[{"href":"https:\/\/hergersweiler.de\/index.php?rest_route=\/wp\/v2\/pages"}],"about":[{"href":"https:\/\/hergersweiler.de\/index.php?rest_route=\/wp\/v2\/types\/page"}],"author":[{"embeddable":true,"href":"https:\/\/hergersweiler.de\/index.php?rest_route=\/wp\/v2\/users\/1"}],"replies":[{"embeddable":true,"href":"https:\/\/hergersweiler.de\/index.php?rest_route=%2Fwp%2Fv2%2Fcomments&post=506"}],"version-history":[{"count":10,"href":"https:\/\/hergersweiler.de\/index.php?rest_route=\/wp\/v2\/pages\/506\/revisions"}],"predecessor-version":[{"id":2482,"href":"https:\/\/hergersweiler.de\/index.php?rest_route=\/wp\/v2\/pages\/506\/revisions\/2482"}],"up":[{"embeddable":true,"href":"https:\/\/hergersweiler.de\/index.php?rest_route=\/wp\/v2\/pages\/110"}],"wp:attachment":[{"href":"https:\/\/hergersweiler.de\/index.php?rest_route=%2Fwp%2Fv2%2Fmedia&parent=506"}],"curies":[{"name":"wp","href":"https:\/\/api.w.org\/{rel}","templated":true}]}}