{"id":4388,"date":"2026-04-30T08:56:18","date_gmt":"2026-04-30T06:56:18","guid":{"rendered":"https:\/\/hergersweiler.de\/?page_id=4388"},"modified":"2026-04-30T09:25:00","modified_gmt":"2026-04-30T07:25:00","slug":"tag-der-jugend","status":"publish","type":"page","link":"https:\/\/hergersweiler.de\/?page_id=4388","title":{"rendered":"Tag der Jugend"},"content":{"rendered":"<div class=\"jubi-article-wrapper\" style=\"max-width: 800px; margin: 2rem auto; padding: 0 1rem; color: #2e2e2e; line-height: 1.7; font-size: 1.05rem;\">\n<h1 style=\"text-align: center; color: #3b7d4f; margin: 0 0 1.25rem 0;\"> \u00ad\u00ad725-Jahre Hergersweiler &#8211; Tag der Jugend<\/h1>\n<p>Nicht nur \u201edie Jugend\u201c, sondern alle waren am 18.04.2026 dazu eingeladen, an die Vogelsangh\u00fctte zu kommen, um das Dorfjubil\u00e4um 725 Jahre Hergersweiler gemeinsam zu feiern. <\/p>\n<p>Bei bestem Wetter haben sich rund 200 Leute an der bekannten Grillh\u00fctte im Wingert von Hergersweiler zusammengefunden und mit Bratwurst, Steaks und kalten Getr\u00e4nken zur Abendunterhaltung des DJ-Duos Kai und Paddy gefeiert. Auf der B\u00fchne Marke Eigenbau \u00fcberzeugten sie mit abwechslungsreicher Musik aus verschiedenen Genres und Generationen. Den Ausschank hat die Dorfjugend gerockt und so war sowohl auf der Tanzfl\u00e4che als auch bei der Getr\u00e4nkeausgabe immer f\u00fcr beste Stimmung gesorgt. <\/p>\n<p>Geplant wurde das Ganze von Nico Gr\u00f6bert und Fabian Hey mit viel Hilfe der \u201ealten Hasen\u201c. So konnte die Jugend wichtige Erfahrung sammeln um ihr Dorf auch weiterhin so belebt und feierfreudig zu erhalten. <\/p>\n<p>Einen gro\u00dfen DANK an alle Helfer f\u00fcr die tatkr\u00e4ftige Unterst\u00fctzung bei der Organisation, dem Auf- und Abbau, beim Ausschank, am Grill und f\u00fcr die Technik. <\/p>\n<p><strong>Fabian Hey<\/strong><\/p>\n<p>Die Gemeinde Hergersweiler bedankt sich bei der Dorfjugend f\u00fcr einen tollen Beitrag zu 725-Jahre Hergersweiler. Es war eine super Party f\u00fcr Jung und Alt \u2013 habt ihr sehr gut gemacht.<\/p>\n<p><strong>Helmut Heib<br \/>\nOrtsb\u00fcrgermeister<\/strong><\/p>\n<hr>\n<h3>Eindr\u00fccke eines wundervollen Abends<\/h3>\nngg_shortcode_0_placeholder\n<\/div>\n<footer class=\"footer-jubi\">\ud83c\udf3f 725 Jahre Hergersweiler \u2013 2026 | Gemeinsam feiern wir unsere Heimat<\/footer>\n","protected":false},"excerpt":{"rendered":"<p>\u00ad\u00ad725-Jahre Hergersweiler &#8211; Tag der Jugend Nicht nur \u201edie Jugend\u201c, sondern alle waren am 18.04.2026 dazu eingeladen, an die Vogelsangh\u00fctte zu kommen, um das Dorfjubil\u00e4um 725 Jahre Hergersweiler gemeinsam zu feiern. Bei bestem Wetter haben sich rund 200 Leute an der bekannten Grillh\u00fctte im Wingert von Hergersweiler zusammengefunden und mit\u2026<\/p>\n<p> <a class=\"continue-reading-link\" href=\"https:\/\/hergersweiler.de\/?page_id=4388\"><span>Continue reading<\/span><i class=\"crycon-right-dir\"><\/i><\/a> <\/p>\n","protected":false},"author":4,"featured_media":4418,"parent":3709,"menu_order":0,"comment_status":"closed","ping_status":"closed","template":"","meta":{"ngg_post_thumbnail":0,"_mc_calendar":[],"footnotes":""},"class_list":["post-4388","page","type-page","status-publish","has-post-thumbnail","hentry"],"yoast_head":"<!-- This site is optimized with the Yoast SEO plugin v27.5 - https:\/\/yoast.com\/product\/yoast-seo-wordpress\/ -->\n<title>Tag der Jugend - Gemeinde Hergersweiler<\/title>\n<meta name=\"robots\" content=\"index, follow, max-snippet:-1, max-image-preview:large, max-video-preview:-1\" \/>\n<link rel=\"canonical\" href=\"https:\/\/hergersweiler.de\/?page_id=4388\" \/>\n<meta property=\"og:locale\" content=\"de_DE\" \/>\n<meta property=\"og:type\" content=\"article\" \/>\n<meta property=\"og:title\" content=\"Tag der Jugend - Gemeinde Hergersweiler\" \/>\n<meta property=\"og:description\" content=\"\u00ad\u00ad725-Jahre Hergersweiler &#8211; Tag der Jugend Nicht nur \u201edie Jugend\u201c, sondern alle waren am 18.04.2026 dazu eingeladen, an die Vogelsangh\u00fctte zu kommen, um das Dorfjubil\u00e4um 725 Jahre Hergersweiler gemeinsam zu feiern. Bei bestem Wetter haben sich rund 200 Leute an der bekannten Grillh\u00fctte im Wingert von Hergersweiler zusammengefunden und mit\u2026 Continue reading\" \/>\n<meta property=\"og:url\" content=\"https:\/\/hergersweiler.de\/?page_id=4388\" \/>\n<meta property=\"og:site_name\" content=\"Gemeinde Hergersweiler\" \/>\n<meta property=\"article:modified_time\" content=\"2026-04-30T07:25:00+00:00\" \/>\n<meta property=\"og:image\" content=\"https:\/\/hergersweiler.de\/wp-content\/uploads\/2026\/04\/IMG_3794-scaled.jpeg\" \/>\n\t<meta property=\"og:image:width\" content=\"2560\" \/>\n\t<meta property=\"og:image:height\" content=\"1920\" \/>\n\t<meta property=\"og:image:type\" content=\"image\/jpeg\" \/>\n<meta name=\"twitter:card\" content=\"summary_large_image\" \/>\n<meta name=\"twitter:site\" content=\"@hergersweiler2\" \/>\n<meta name=\"twitter:label1\" content=\"Gesch\u00e4tzte Lesezeit\" \/>\n\t<meta name=\"twitter:data1\" content=\"2\u00a0Minuten\" \/>\n<script type=\"application\/ld+json\" class=\"yoast-schema-graph\">{\"@context\":\"https:\\\/\\\/schema.org\",\"@graph\":[{\"@type\":\"WebPage\",\"@id\":\"https:\\\/\\\/hergersweiler.de\\\/?page_id=4388\",\"url\":\"https:\\\/\\\/hergersweiler.de\\\/?page_id=4388\",\"name\":\"Tag der Jugend - Gemeinde Hergersweiler\",\"isPartOf\":{\"@id\":\"https:\\\/\\\/hergersweiler.de\\\/#website\"},\"primaryImageOfPage\":{\"@id\":\"https:\\\/\\\/hergersweiler.de\\\/?page_id=4388#primaryimage\"},\"image\":{\"@id\":\"https:\\\/\\\/hergersweiler.de\\\/?page_id=4388#primaryimage\"},\"thumbnailUrl\":\"https:\\\/\\\/hergersweiler.de\\\/wp-content\\\/uploads\\\/2026\\\/04\\\/IMG_3794-scaled.jpeg\",\"datePublished\":\"2026-04-30T06:56:18+00:00\",\"dateModified\":\"2026-04-30T07:25:00+00:00\",\"breadcrumb\":{\"@id\":\"https:\\\/\\\/hergersweiler.de\\\/?page_id=4388#breadcrumb\"},\"inLanguage\":\"de\",\"potentialAction\":[{\"@type\":\"ReadAction\",\"target\":[\"https:\\\/\\\/hergersweiler.de\\\/?page_id=4388\"]}]},{\"@type\":\"ImageObject\",\"inLanguage\":\"de\",\"@id\":\"https:\\\/\\\/hergersweiler.de\\\/?page_id=4388#primaryimage\",\"url\":\"https:\\\/\\\/hergersweiler.de\\\/wp-content\\\/uploads\\\/2026\\\/04\\\/IMG_3794-scaled.jpeg\",\"contentUrl\":\"https:\\\/\\\/hergersweiler.de\\\/wp-content\\\/uploads\\\/2026\\\/04\\\/IMG_3794-scaled.jpeg\",\"width\":2560,\"height\":1920},{\"@type\":\"BreadcrumbList\",\"@id\":\"https:\\\/\\\/hergersweiler.de\\\/?page_id=4388#breadcrumb\",\"itemListElement\":[{\"@type\":\"ListItem\",\"position\":1,\"name\":\"Startseite\",\"item\":\"https:\\\/\\\/hergersweiler.de\\\/\"},{\"@type\":\"ListItem\",\"position\":2,\"name\":\"725 Jahre Hergersweiler\",\"item\":\"https:\\\/\\\/hergersweiler.de\\\/?page_id=3709\"},{\"@type\":\"ListItem\",\"position\":3,\"name\":\"Tag der Jugend\"}]},{\"@type\":\"WebSite\",\"@id\":\"https:\\\/\\\/hergersweiler.de\\\/#website\",\"url\":\"https:\\\/\\\/hergersweiler.de\\\/\",\"name\":\"Gemeinde Hergersweiler\",\"description\":\"\",\"potentialAction\":[{\"@type\":\"SearchAction\",\"target\":{\"@type\":\"EntryPoint\",\"urlTemplate\":\"https:\\\/\\\/hergersweiler.de\\\/?s={search_term_string}\"},\"query-input\":{\"@type\":\"PropertyValueSpecification\",\"valueRequired\":true,\"valueName\":\"search_term_string\"}}],\"inLanguage\":\"de\"}]}<\/script>\n<!-- \/ Yoast SEO plugin. -->","yoast_head_json":{"title":"Tag der Jugend - Gemeinde Hergersweiler","robots":{"index":"index","follow":"follow","max-snippet":"max-snippet:-1","max-image-preview":"max-image-preview:large","max-video-preview":"max-video-preview:-1"},"canonical":"https:\/\/hergersweiler.de\/?page_id=4388","og_locale":"de_DE","og_type":"article","og_title":"Tag der Jugend - Gemeinde Hergersweiler","og_description":"\u00ad\u00ad725-Jahre Hergersweiler &#8211; Tag der Jugend Nicht nur \u201edie Jugend\u201c, sondern alle waren am 18.04.2026 dazu eingeladen, an die Vogelsangh\u00fctte zu kommen, um das Dorfjubil\u00e4um 725 Jahre Hergersweiler gemeinsam zu feiern. Bei bestem Wetter haben sich rund 200 Leute an der bekannten Grillh\u00fctte im Wingert von Hergersweiler zusammengefunden und mit\u2026 Continue reading","og_url":"https:\/\/hergersweiler.de\/?page_id=4388","og_site_name":"Gemeinde Hergersweiler","article_modified_time":"2026-04-30T07:25:00+00:00","og_image":[{"width":2560,"height":1920,"url":"https:\/\/hergersweiler.de\/wp-content\/uploads\/2026\/04\/IMG_3794-scaled.jpeg","type":"image\/jpeg"}],"twitter_card":"summary_large_image","twitter_site":"@hergersweiler2","twitter_misc":{"Gesch\u00e4tzte Lesezeit":"2\u00a0Minuten"},"schema":{"@context":"https:\/\/schema.org","@graph":[{"@type":"WebPage","@id":"https:\/\/hergersweiler.de\/?page_id=4388","url":"https:\/\/hergersweiler.de\/?page_id=4388","name":"Tag der Jugend - Gemeinde Hergersweiler","isPartOf":{"@id":"https:\/\/hergersweiler.de\/#website"},"primaryImageOfPage":{"@id":"https:\/\/hergersweiler.de\/?page_id=4388#primaryimage"},"image":{"@id":"https:\/\/hergersweiler.de\/?page_id=4388#primaryimage"},"thumbnailUrl":"https:\/\/hergersweiler.de\/wp-content\/uploads\/2026\/04\/IMG_3794-scaled.jpeg","datePublished":"2026-04-30T06:56:18+00:00","dateModified":"2026-04-30T07:25:00+00:00","breadcrumb":{"@id":"https:\/\/hergersweiler.de\/?page_id=4388#breadcrumb"},"inLanguage":"de","potentialAction":[{"@type":"ReadAction","target":["https:\/\/hergersweiler.de\/?page_id=4388"]}]},{"@type":"ImageObject","inLanguage":"de","@id":"https:\/\/hergersweiler.de\/?page_id=4388#primaryimage","url":"https:\/\/hergersweiler.de\/wp-content\/uploads\/2026\/04\/IMG_3794-scaled.jpeg","contentUrl":"https:\/\/hergersweiler.de\/wp-content\/uploads\/2026\/04\/IMG_3794-scaled.jpeg","width":2560,"height":1920},{"@type":"BreadcrumbList","@id":"https:\/\/hergersweiler.de\/?page_id=4388#breadcrumb","itemListElement":[{"@type":"ListItem","position":1,"name":"Startseite","item":"https:\/\/hergersweiler.de\/"},{"@type":"ListItem","position":2,"name":"725 Jahre Hergersweiler","item":"https:\/\/hergersweiler.de\/?page_id=3709"},{"@type":"ListItem","position":3,"name":"Tag der Jugend"}]},{"@type":"WebSite","@id":"https:\/\/hergersweiler.de\/#website","url":"https:\/\/hergersweiler.de\/","name":"Gemeinde Hergersweiler","description":"","potentialAction":[{"@type":"SearchAction","target":{"@type":"EntryPoint","urlTemplate":"https:\/\/hergersweiler.de\/?s={search_term_string}"},"query-input":{"@type":"PropertyValueSpecification","valueRequired":true,"valueName":"search_term_string"}}],"inLanguage":"de"}]}},"jetpack_sharing_enabled":true,"_links":{"self":[{"href":"https:\/\/hergersweiler.de\/index.php?rest_route=\/wp\/v2\/pages\/4388","targetHints":{"allow":["GET"]}}],"collection":[{"href":"https:\/\/hergersweiler.de\/index.php?rest_route=\/wp\/v2\/pages"}],"about":[{"href":"https:\/\/hergersweiler.de\/index.php?rest_route=\/wp\/v2\/types\/page"}],"author":[{"embeddable":true,"href":"https:\/\/hergersweiler.de\/index.php?rest_route=\/wp\/v2\/users\/4"}],"replies":[{"embeddable":true,"href":"https:\/\/hergersweiler.de\/index.php?rest_route=%2Fwp%2Fv2%2Fcomments&post=4388"}],"version-history":[{"count":6,"href":"https:\/\/hergersweiler.de\/index.php?rest_route=\/wp\/v2\/pages\/4388\/revisions"}],"predecessor-version":[{"id":4417,"href":"https:\/\/hergersweiler.de\/index.php?rest_route=\/wp\/v2\/pages\/4388\/revisions\/4417"}],"up":[{"embeddable":true,"href":"https:\/\/hergersweiler.de\/index.php?rest_route=\/wp\/v2\/pages\/3709"}],"wp:featuredmedia":[{"embeddable":true,"href":"https:\/\/hergersweiler.de\/index.php?rest_route=\/wp\/v2\/media\/4418"}],"wp:attachment":[{"href":"https:\/\/hergersweiler.de\/index.php?rest_route=%2Fwp%2Fv2%2Fmedia&parent=4388"}],"curies":[{"name":"wp","href":"https:\/\/api.w.org\/{rel}","templated":true}]}}

<div class="jubi-article-wrapper" style="max-width: 800px; margin: 2rem auto; padding: 0 1rem; color: #2e2e2e; line-height: 1.7; font-size: 1.05rem;">
<h1 style="text-align: center; color: #3b7d4f; margin: 0 0 1.25rem 0;"> ­­725-Jahre Hergersweiler &#8211; Tag der Jugend</h1>
<p>Nicht nur „die Jugend“, sondern alle waren am 18.04.2026 dazu eingeladen, an die Vogelsanghütte zu kommen, um das Dorfjubiläum 725 Jahre Hergersweiler gemeinsam zu feiern. </p>
<p>Bei bestem Wetter haben sich rund 200 Leute an der bekannten Grillhütte im Wingert von Hergersweiler zusammengefunden und mit Bratwurst, Steaks und kalten Getränken zur Abendunterhaltung des DJ-Duos Kai und Paddy gefeiert. Auf der Bühne Marke Eigenbau überzeugten sie mit abwechslungsreicher Musik aus verschiedenen Genres und Generationen. Den Ausschank hat die Dorfjugend gerockt und so war sowohl auf der Tanzfläche als auch bei der Getränkeausgabe immer für beste Stimmung gesorgt. </p>
<p>Geplant wurde das Ganze von Nico Gröbert und Fabian Hey mit viel Hilfe der „alten Hasen“. So konnte die Jugend wichtige Erfahrung sammeln um ihr Dorf auch weiterhin so belebt und feierfreudig zu erhalten. </p>
<p>Einen großen DANK an alle Helfer für die tatkräftige Unterstützung bei der Organisation, dem Auf- und Abbau, beim Ausschank, am Grill und für die Technik. </p>
<p><strong>Fabian Hey</strong></p>
<p>Die Gemeinde Hergersweiler bedankt sich bei der Dorfjugend für einen tollen Beitrag zu 725-Jahre Hergersweiler. Es war eine super Party für Jung und Alt – habt ihr sehr gut gemacht.</p>
<p><strong>Helmut Heib<br />
Ortsbürgermeister</strong></p>
<hr>
<h3>Eindrücke eines wundervollen Abends</h3>
ngg_shortcode_0_placeholder
</div>
<footer class="footer-jubi">🌿 725 Jahre Hergersweiler – 2026 | Gemeinsam feiern wir unsere Heimat</footer>

<p>­­725-Jahre Hergersweiler &#8211; Tag der Jugend Nicht nur „die Jugend“, sondern alle waren am 18.04.2026 dazu eingeladen, an die Vogelsanghütte zu kommen, um das Dorfjubiläum 725 Jahre Hergersweiler gemeinsam zu feiern. Bei bestem Wetter haben sich rund 200 Leute an der bekannten Grillhütte im Wingert von Hergersweiler zusammengefunden und mit…</p>
<p> <a class="continue-reading-link" href="https://hergersweiler.de/?page_id=4388"><span>Continue reading</span><i class="crycon-right-dir"></i></a> </p>

<!-- This site is optimized with the Yoast SEO plugin v27.5 - https://yoast.com/product/yoast-seo-wordpress/ -->
<title>Tag der Jugend - Gemeinde Hergersweiler</title>
<meta name="robots" content="index, follow, max-snippet:-1, max-image-preview:large, max-video-preview:-1" />
<link rel="canonical" href="https://hergersweiler.de/?page_id=4388" />
<meta property="og:locale" content="de_DE" />
<meta property="og:type" content="article" />
<meta property="og:title" content="Tag der Jugend - Gemeinde Hergersweiler" />
<meta property="og:description" content="­­725-Jahre Hergersweiler &#8211; Tag der Jugend Nicht nur „die Jugend“, sondern alle waren am 18.04.2026 dazu eingeladen, an die Vogelsanghütte zu kommen, um das Dorfjubiläum 725 Jahre Hergersweiler gemeinsam zu feiern. Bei bestem Wetter haben sich rund 200 Leute an der bekannten Grillhütte im Wingert von Hergersweiler zusammengefunden und mit… Continue reading" />
<meta property="og:url" content="https://hergersweiler.de/?page_id=4388" />
<meta property="og:site_name" content="Gemeinde Hergersweiler" />
<meta property="article:modified_time" content="2026-04-30T07:25:00+00:00" />
<meta property="og:image" content="https://hergersweiler.de/wp-content/uploads/2026/04/IMG_3794-scaled.jpeg" />
	<meta property="og:image:width" content="2560" />
	<meta property="og:image:height" content="1920" />
	<meta property="og:image:type" content="image/jpeg" />
<meta name="twitter:card" content="summary_large_image" />
<meta name="twitter:site" content="@hergersweiler2" />
<meta name="twitter:label1" content="Geschätzte Lesezeit" />
	<meta name="twitter:data1" content="2 Minuten" />
<script type="application/ld+json" class="yoast-schema-graph">{"@context":"https:\/\/schema.org","@graph":[{"@type":"WebPage","@id":"https:\/\/hergersweiler.de\/?page_id=4388","url":"https:\/\/hergersweiler.de\/?page_id=4388","name":"Tag der Jugend - Gemeinde Hergersweiler","isPartOf":{"@id":"https:\/\/hergersweiler.de\/#website"},"primaryImageOfPage":{"@id":"https:\/\/hergersweiler.de\/?page_id=4388#primaryimage"},"image":{"@id":"https:\/\/hergersweiler.de\/?page_id=4388#primaryimage"},"thumbnailUrl":"https:\/\/hergersweiler.de\/wp-content\/uploads\/2026\/04\/IMG_3794-scaled.jpeg","datePublished":"2026-04-30T06:56:18+00:00","dateModified":"2026-04-30T07:25:00+00:00","breadcrumb":{"@id":"https:\/\/hergersweiler.de\/?page_id=4388#breadcrumb"},"inLanguage":"de","potentialAction":[{"@type":"ReadAction","target":["https:\/\/hergersweiler.de\/?page_id=4388"]}]},{"@type":"ImageObject","inLanguage":"de","@id":"https:\/\/hergersweiler.de\/?page_id=4388#primaryimage","url":"https:\/\/hergersweiler.de\/wp-content\/uploads\/2026\/04\/IMG_3794-scaled.jpeg","contentUrl":"https:\/\/hergersweiler.de\/wp-content\/uploads\/2026\/04\/IMG_3794-scaled.jpeg","width":2560,"height":1920},{"@type":"BreadcrumbList","@id":"https:\/\/hergersweiler.de\/?page_id=4388#breadcrumb","itemListElement":[{"@type":"ListItem","position":1,"name":"Startseite","item":"https:\/\/hergersweiler.de\/"},{"@type":"ListItem","position":2,"name":"725 Jahre Hergersweiler","item":"https:\/\/hergersweiler.de\/?page_id=3709"},{"@type":"ListItem","position":3,"name":"Tag der Jugend"}]},{"@type":"WebSite","@id":"https:\/\/hergersweiler.de\/#website","url":"https:\/\/hergersweiler.de\/","name":"Gemeinde Hergersweiler","description":"","potentialAction":[{"@type":"SearchAction","target":{"@type":"EntryPoint","urlTemplate":"https:\/\/hergersweiler.de\/?s={search_term_string}"},"query-input":{"@type":"PropertyValueSpecification","valueRequired":true,"valueName":"search_term_string"}}],"inLanguage":"de"}]}</script>
<!-- / Yoast SEO plugin. -->

­­725-Jahre Hergersweiler &#8211; Tag der Jugend Nicht nur „die Jugend“, sondern alle waren am 18.04.2026 dazu eingeladen, an die Vogelsanghütte zu kommen, um das Dorfjubiläum 725 Jahre Hergersweiler gemeinsam zu feiern. Bei bestem Wetter haben sich rund 200 Leute an der bekannten Grillhütte im Wingert von Hergersweiler zusammengefunden und mit… Continue reading
